{"id":1171,"date":"2018-08-31T17:19:34","date_gmt":"2018-08-31T20:19:34","guid":{"rendered":"https:\/\/ifd3-sgo.infd.edu.ar\/sitio\/oferta-academica\/"},"modified":"2025-03-12T20:41:14","modified_gmt":"2025-03-12T23:41:14","slug":"oferta-academica","status":"publish","type":"page","link":"https:\/\/ifd3-sgo.infd.edu.ar\/sitio\/oferta-academica\/","title":{"rendered":"Oferta Acad\u00e9mica"},"content":{"rendered":"<p style=\"text-align: justify;\">\u00a0<span style=\"font-family: verdana,geneva; font-size: 10pt;\">En la actualidad el IFD N\u00ba 3 ofrece las siguientes carreras:<\/span><\/p>\n<ul>\n<li><span style=\"font-family: verdana,geneva; font-size: 10pt; color: #000000;\"><strong style=\"mso-bidi-font-weight: normal;\"><span lang=\"ES-CR\">Profesorado de\u00a0 Educaci\u00f3n Secundaria en <\/span><\/strong><span lang=\"ES-CR\"><strong style=\"mso-bidi-font-weight: normal;\">Biolog\u00eda.<\/strong><\/span><\/span><\/li>\n<li><span style=\"font-family: verdana,geneva; font-size: 10pt; color: #000000;\"><strong style=\"mso-bidi-font-weight: normal;\"><span lang=\"ES-CR\">Profesorado <strong>de\u00a0 Educaci\u00f3n Secundaria <\/strong>en <\/span><\/strong><span lang=\"ES-CR\"><strong style=\"mso-bidi-font-weight: normal;\">Geograf\u00eda.<\/strong><\/span><\/span><\/li>\n<li><span style=\"font-family: verdana,geneva; font-size: 10pt; color: #000000;\"><span lang=\"ES-CR\"><strong style=\"mso-bidi-font-weight: normal;\"><strong>Profesorado <strong>de\u00a0 Educaci\u00f3n Secundaria<\/strong><\/strong> en Lengua y Literatura.<br \/>\n<\/strong><\/span><\/span><\/li>\n<\/ul>\n<p style=\"text-align: justify;\">\n<p style=\"text-align: justify;\"><span style=\"font-family: verdana,geneva; font-size: 10pt;\"><strong style=\"mso-bidi-font-weight: normal;\"><span style=\"text-decoration: underline;\"><span lang=\"ES-CR\" style=\"color: #ff884f;\"><span style=\"color: #ff884f;\">Profesorado en <\/span><\/span><\/span><\/strong><span style=\"text-decoration: underline;\"><span lang=\"ES-CR\" style=\"color: #ff884f;\"><strong style=\"mso-bidi-font-weight: normal;\"><span style=\"color: #ff884f;\">Biolog\u00eda<\/span><\/strong><\/span><\/span><\/span><\/p>\n<p class=\"MsoNormal\"><span style=\"font-size: 10pt; font-family: verdana,geneva;\"><strong><span style=\"text-decoration: underline;\"><span lang=\"ES-CR\"><img decoding=\"async\" loading=\"lazy\" style=\"display: block; margin-left: auto; margin-right: auto;\" title=\"Prof Biologia\" src=\"https:\/\/ifd3-sgo.infd.edu.ar\/sitio\/wp-content\/uploads\/2018\/08\/prof_biologia.jpg\" alt=\"Prof Biologia\" width=\"311\" height=\"353\" border=\"0\" \/><\/span><\/span><\/strong><\/span><\/p>\n<p class=\"MsoNormal\" style=\"margin: 0cm 0cm 0pt; text-align: justify;\"><span style=\"font-size: 10pt; font-family: verdana,geneva;\"><strong><span style=\"text-decoration: underline;\"><span lang=\"ES-CR\">Propuestas<\/span><\/span><\/strong><\/span><\/p>\n<p class=\"MsoNormal\" style=\"margin: 0cm 0cm 0pt; text-align: justify;\">\n<p class=\"MsoNormal\" style=\"margin: 0cm 0cm 0pt; text-align: justify;\"><span lang=\"ES-CR\" style=\"font-family: verdana,geneva; font-size: 10pt;\">El ambiente est\u00e1 fuertemente condicionado por\u00a0 los factores bi\u00f3ticos de los que el hombre forma parte determinante. Un acercamiento a la problem\u00e1tica biol\u00f3gica implica una toma de posici\u00f3n comprometida. <\/span><\/p>\n<p class=\"MsoNormal\" style=\"margin: 0cm 0cm 0pt; text-align: justify;\">\n<p class=\"MsoNormal\" style=\"margin: 0cm 0cm 0pt; text-align: justify;\"><span style=\"font-size: 10pt; font-family: verdana,geneva;\"><strong><span style=\"text-decoration: underline;\"><span lang=\"ES-CR\">Incumbencias profesionales<\/span><\/span><\/strong><\/span><\/p>\n<ul style=\"text-align: justify;\" type=\"disc\">\n<li class=\"MsoNormal\" style=\"margin: 0cm 0cm 0pt; mso-list: l1 level1 lfo1; tab-stops: list 36.0pt; mso-margin-top-alt: auto; mso-margin-bottom-alt: auto;\"><span lang=\"ES-CR\" style=\"font-family: verdana,geneva; font-size: 10pt;\">Ense\u00f1anza de la biolog\u00eda en el \u00e1mbito educativo. <\/span><\/li>\n<li class=\"MsoNormal\" style=\"margin: 0cm 0cm 0pt; mso-list: l1 level1 lfo1; tab-stops: list 36.0pt; mso-margin-top-alt: auto; mso-margin-bottom-alt: auto;\"><span lang=\"ES-CR\" style=\"font-family: verdana,geneva; font-size: 10pt;\">Intervenci\u00f3n en proyectos interdisciplinarios. <\/span><\/li>\n<li class=\"MsoNormal\" style=\"margin: 0cm 0cm 0pt; mso-list: l1 level1 lfo1; tab-stops: list 36.0pt; mso-margin-top-alt: auto; mso-margin-bottom-alt: auto;\"><span lang=\"ES-CR\" style=\"font-family: verdana,geneva; font-size: 10pt;\">Intervenci\u00f3n en la resoluci\u00f3n de problemas socio \u2013 ecol\u00f3gicos que se presenten en el medio. <\/span><\/li>\n<li class=\"MsoNormal\" style=\"margin: 0cm 0cm 0pt; mso-list: l1 level1 lfo1; tab-stops: list 36.0pt; mso-margin-top-alt: auto; mso-margin-bottom-alt: auto;\"><span lang=\"ES-CR\" style=\"font-family: verdana,geneva; font-size: 10pt;\">Valoraci\u00f3n regional de la riqueza fitozool\u00f3gica. <\/span><\/li>\n<li class=\"MsoNormal\" style=\"margin: 0cm 0cm 0pt; mso-list: l1 level1 lfo1; tab-stops: list 36.0pt; mso-margin-top-alt: auto; mso-margin-bottom-alt: auto;\"><span lang=\"ES-CR\" style=\"font-family: verdana,geneva; font-size: 10pt;\">Concientizaci\u00f3n en los aspectos legales en relaci\u00f3n a la deforestaci\u00f3n y consecuente desertizaci\u00f3n. <\/span><\/li>\n<\/ul>\n<p class=\"MsoNormal\" style=\"margin: 0cm 0cm 0pt; text-align: justify;\"><span style=\"font-size: 10pt; font-family: verdana,geneva;\"><strong><span style=\"text-decoration: underline;\"><span lang=\"ES-CR\">Titulaci\u00f3n<\/span><\/span><\/strong><\/span><\/p>\n<p class=\"MsoNormal\" style=\"margin: 0cm 0cm 0pt; text-align: justify;\"><span lang=\"ES-CR\" style=\"font-family: verdana,geneva; font-size: 10pt;\">T\u00edtulo de validez nacional: Profesor en Ciencias Biol\u00f3gicas. <\/span><\/p>\n<p class=\"MsoNormal\" style=\"margin: 0cm 0cm 0pt; text-align: justify;\"><span lang=\"ES-CR\" style=\"font-family: verdana,geneva; font-size: 10pt;\">Duraci\u00f3n: 4 a\u00f1os. <\/span><\/p>\n<p class=\"MsoNormal\" style=\"margin: 0cm 0cm 0pt; text-align: justify;\"><span style=\"font-size: 10pt; font-family: verdana,geneva;\">\u00a0<\/span><\/p>\n<h5 class=\"MsoNormal\" style=\"margin: 0cm 0cm 0pt; text-align: justify;\"><span style=\"font-family: verdana,geneva; font-size: 10pt;\"><strong style=\"mso-bidi-font-weight: normal;\"><span style=\"text-decoration: underline;\"><span lang=\"ES-CR\" style=\"color: #ff884f;\"><span style=\"color: #ff884f;\"><a name=\"prof_geo\"><\/a>Profesorado en <\/span><\/span><\/span><\/strong><span style=\"text-decoration: underline;\"><span lang=\"ES-CR\" style=\"color: #ff884f;\"><strong style=\"mso-bidi-font-weight: normal;\"><span style=\"color: #ff884f;\">Geograf\u00eda<\/span><\/strong><\/span><\/span><\/span><\/h5>\n<p class=\"MsoNormal\" style=\"margin: 0cm 0cm 0pt; text-align: justify;\">\n<p class=\"MsoNormal\" style=\"margin: 0cm 0cm 0pt; text-align: justify;\"><span style=\"font-family: verdana,geneva; font-size: 10pt;\"><strong><span style=\"text-decoration: underline;\"><span lang=\"ES-CR\"><img decoding=\"async\" loading=\"lazy\" style=\"display: block; margin-left: auto; margin-right: auto;\" title=\"Prof Geografia\" src=\"https:\/\/ifd3-sgo.infd.edu.ar\/sitio\/wp-content\/uploads\/2018\/08\/prof_geografia.gif\" alt=\"Prof Geografia\" width=\"379\" height=\"312\" border=\"0\" \/><\/span><\/span><\/strong><strong><span style=\"text-decoration: underline;\"><span lang=\"ES-CR\">Propuestas <\/span><\/span><\/strong><\/span><\/p>\n<p class=\"MsoNormal\" style=\"margin: 0cm 0cm 0pt; text-align: justify;\">\n<p class=\"MsoNormal\" style=\"margin: 0cm 0cm 0pt; text-align: justify;\"><span style=\"font-size: 10pt; font-family: verdana,geneva;\"><span lang=\"ES-CR\">El espacio geogr\u00e1fico est\u00e1 formado por la relaci\u00f3n entre Sociedad y Naturaleza, y transformado por factores naturales y humanos modificando el entorno.\u00a0La carrera te forma para localizar, comprender y explicar los fen\u00f3menos\u00a0involucrados en tal proceso.<\/span><\/span><\/p>\n<p class=\"MsoNormal\" style=\"margin: 0cm 0cm 0pt; text-align: justify;\">\n<p class=\"MsoNormal\" style=\"margin: 0cm 0cm 0pt; text-align: justify;\"><span style=\"font-size: 10pt; font-family: verdana,geneva;\"><strong><span style=\"text-decoration: underline;\"><span lang=\"ES-CR\">Incumbencias<\/span><\/span><\/strong><span style=\"text-decoration: underline;\"><span lang=\"ES-CR\"> <strong>profesionales <\/strong><\/span><\/span><\/span><\/p>\n<ul style=\"text-align: justify;\" type=\"disc\">\n<li class=\"MsoNormal\" style=\"margin: 0cm 0cm 0pt; mso-list: l0 level1 lfo2; tab-stops: list 36.0pt; mso-margin-top-alt: auto; mso-margin-bottom-alt: auto;\"><span lang=\"ES-CR\" style=\"font-family: verdana,geneva; font-size: 10pt;\">Ense\u00f1anza de la geograf\u00eda en el \u00e1mbito educativo. <\/span><\/li>\n<li class=\"MsoNormal\" style=\"margin: 0cm 0cm 0pt; mso-list: l0 level1 lfo2; tab-stops: list 36.0pt; mso-margin-top-alt: auto; mso-margin-bottom-alt: auto;\"><span lang=\"ES-CR\" style=\"font-family: verdana,geneva; font-size: 10pt;\">Participaci\u00f3n en equipos interdisciplinarios. <\/span><\/li>\n<li class=\"MsoNormal\" style=\"margin: 0cm 0cm 0pt; mso-list: l0 level1 lfo2; tab-stops: list 36.0pt; mso-margin-top-alt: auto; mso-margin-bottom-alt: auto;\"><span lang=\"ES-CR\" style=\"font-family: verdana,geneva; font-size: 10pt;\">Intervenci\u00f3n en la resoluci\u00f3n de problemas territoriales. <\/span><\/li>\n<li class=\"MsoNormal\" style=\"margin: 0cm 0cm 0pt; mso-list: l0 level1 lfo2; tab-stops: list 36.0pt; mso-margin-top-alt: auto; mso-margin-bottom-alt: auto;\"><span lang=\"ES-CR\" style=\"font-family: verdana,geneva; font-size: 10pt;\">Brindar una cultura geogr\u00e1fica a la comunidad. <\/span><\/li>\n<li class=\"MsoNormal\" style=\"margin: 0cm 0cm 0pt; mso-list: l0 level1 lfo2; tab-stops: list 36.0pt; mso-margin-top-alt: auto; mso-margin-bottom-alt: auto;\"><span lang=\"ES-CR\" style=\"font-family: verdana,geneva; font-size: 10pt;\">Interpretar la acci\u00f3n de los agentes sociales en el territorio. <\/span><\/li>\n<\/ul>\n<p class=\"MsoNormal\" style=\"margin: 0cm 0cm 0pt; text-align: justify;\"><span lang=\"ES-CR\" style=\"font-family: verdana,geneva; font-size: 10pt;\">\u00a0<strong><span style=\"text-decoration: underline;\">Titulaci\u00f3n<\/span> <\/strong><\/span><\/p>\n<p class=\"MsoNormal\" style=\"margin: 0cm 0cm 0pt; text-align: justify;\">\n<p class=\"MsoNormal\" style=\"margin: 0cm 0cm 0pt; text-align: justify;\"><span lang=\"ES-CR\" style=\"font-family: verdana,geneva; font-size: 10pt;\">T\u00edtulo de validez nacional: Profesor en Geograf\u00eda. <\/span><\/p>\n<p class=\"MsoNormal\" style=\"margin: 0cm 0cm 0pt; text-align: justify;\"><span lang=\"ES-CR\" style=\"font-family: verdana,geneva; font-size: 10pt;\">Duraci\u00f3n: 4 a\u00f1os.<\/span><\/p>\n<p class=\"MsoNormal\" style=\"margin: 0cm 0cm 0pt; text-align: justify;\"><span style=\"font-size: 10pt; font-family: verdana,geneva;\">\u00a0<\/span><\/p>\n<p class=\"MsoNormal\" style=\"margin: 0cm 0cm 0pt; text-align: justify;\">\n<p class=\"MsoNormal\" style=\"margin: 0cm 0cm 0pt; text-align: justify;\"><span style=\"text-decoration: underline;\"><span style=\"font-size: 10pt; font-family: verdana,geneva; color: #ff6600;\"><strong><strong><strong><strong>Profesorado <strong>de\u00a0 Educaci\u00f3n Secundaria<\/strong><\/strong> en Lengua y Literatura.<\/strong><\/strong><\/strong><\/span><\/span><\/p>\n<p class=\"MsoNormal\" style=\"margin: 0cm 0cm 0pt; text-align: justify;\">\n<table style=\"margin-left: auto; margin-right: auto;\" border=\"0\">\n<tbody>\n<tr>\n<td><strong><span style=\"text-decoration: underline;\"><img decoding=\"async\" style=\"border: 0px none; vertical-align: middle; display: block; margin-left: auto; margin-right: auto;\" src=\"https:\/\/ifd3-sgo.infd.edu.ar\/sitio\/wp-content\/uploads\/2018\/08\/4e2AqWPYj0uHimagen_incrustada1.png\" border=\"0\" \/><\/span><\/strong><\/td>\n<td>\n<p style=\"text-align: justify;\"><strong><span style=\"text-decoration: underline;\"><img decoding=\"async\" style=\"border: 0; vertical-align: text-top;\" src=\"https:\/\/ifd3-sgo.infd.edu.ar\/sitio\/wp-content\/uploads\/2018\/08\/KFXIt9dwXCsfimagen_incrustada2.png\" border=\"0\" \/><\/span><\/strong><\/p>\n<\/td>\n<\/tr>\n<\/tbody>\n<\/table>\n<p style=\"text-align: justify;\">\u00a0\u00a0<strong><span style=\"font-family: verdana,geneva; font-size: 10pt;\"><span style=\"text-decoration: underline;\">Propuestas<\/span> <\/span><\/strong><\/p>\n<p style=\"text-align: justify;\"><span style=\"font-size: 10pt;\">\u00a0La formaci\u00f3n docente inicial en lengua y literatura pretende formar docentes que:<\/span><\/p>\n<p style=\"text-align: justify;\"><span style=\"font-size: 10pt;\">&#8211;\u00a0\u00a0\u00a0\u00a0\u00a0\u00a0 Se apropien significativamente de conocimientos articulados sobre las diferentes ciencias y teor\u00edas de la lengua y la literatura, orientados al estudio de las formas discursivas y textuales, su significado social y los procesos cognitivos implicados en su comprensi\u00f3n y producci\u00f3n.<\/span><\/p>\n<p style=\"text-align: justify;\"><span style=\"font-size: 10pt;\">&#8211;\u00a0\u00a0\u00a0\u00a0\u00a0\u00a0 Desarrollen la reflexi\u00f3n metaling\u00fc\u00edstica y metadiscursiva en virtud del efecto de doble mediaci\u00f3n caracter\u00edstico de la tarea docente.<\/span><\/p>\n<p style=\"text-align: justify;\"><span style=\"font-size: 10pt;\">&#8211;\u00a0\u00a0\u00a0\u00a0\u00a0\u00a0 Comprendan a los sujetos a quienes va dirigida la ense\u00f1anza, en sus dimensiones subjetivas, psicol\u00f3gicas, cognitivas, afectivas y socioculturales.<\/span><\/p>\n<p style=\"text-align: justify;\"><span style=\"font-family: verdana,geneva; font-size: 10pt;\"><span style=\"text-decoration: underline;\"><strong>Incumbencias<\/strong> <\/span><strong style=\"font-family: verdana,geneva; font-size: 10pt;\"><span style=\"text-decoration: underline;\">profesionales<\/span> <\/strong><\/span><\/p>\n<ul>\n<li style=\"text-align: justify;\"><span style=\"font-family: verdana,geneva; font-size: 10pt;\">Dominar los conocimientos ling\u00fc\u00edsticos y literarios que hacen posible tomar\u00a0 decisiones, orientar y evaluar procesos en la ense\u00f1anza de la lengua y la literatura.<\/span><\/li>\n<li style=\"text-align: justify;\"><span style=\"font-family: verdana,geneva; font-size: 10pt;\">Analizar los procesos socio-hist\u00f3ricos de producci\u00f3n de conocimiento propios de los campos de la Lengua y la Literatura, reflexionando sobre sus especificidades y mutuas \u00a0relaciones.<\/span><\/li>\n<li style=\"text-align: justify;\"><span style=\"font-family: verdana,geneva; font-size: 10pt;\">Identificar las caracter\u00edsticas y necesidades de aprendizaje de los alumnos como base para\u00a0 su\u00a0 actuaci\u00f3n docente.<\/span><\/li>\n<li style=\"text-align: justify;\"><span style=\"font-family: verdana,geneva; font-size: 10pt;\">Asumir la actividad docente como una pr\u00e1ctica social transformadora, que se sostiene en valores democr\u00e1ticos.<br \/>\n<\/span><\/li>\n<li style=\"text-align: justify;\"><span style=\"font-family: verdana,geneva; font-size: 10pt;\">Lograr una mirada investigativa y anal\u00edtica en torno a la pr\u00e1ctica docente que le permitan organizar y dirigir situaciones de aprendizaje, utilizando al contexto sociopol\u00edtico, sociocultural y socioling\u00fc\u00edstico como fuente de ense\u00f1anza.<\/span><\/li>\n<\/ul>\n<p style=\"text-align: justify;\">\u00a0<span style=\"font-family: verdana,geneva; font-size: 10pt;\"> <strong><span style=\"text-decoration: underline;\">Titulaci\u00f3n<\/span><\/strong><br \/>\n<\/span><\/p>\n<p style=\"text-align: justify;\"><span style=\"font-family: verdana,geneva; font-size: 10pt;\">T\u00edtulo de validez nacional: <strong><strong>Profesor<strong>a de\u00a0 Educaci\u00f3n Secundaria<\/strong><\/strong> en Lengua y Literatura.<\/strong><br \/>\n<\/span><\/p>\n<p style=\"text-align: justify;\"><span style=\"font-family: verdana,geneva; font-size: 10pt;\">Duraci\u00f3n: 4 a\u00f1os.<\/span><\/p>\n<p style=\"text-align: justify;\">\n","protected":false},"excerpt":{"rendered":"<p>\u00a0En la actualidad el IFD N\u00ba 3 ofrece las siguientes carreras: Profesorado de\u00a0 Educaci\u00f3n Secundaria en Biolog\u00eda. Profesorado de\u00a0 Educaci\u00f3n Secundaria en Geograf\u00eda. Profesorado de\u00a0 Educaci\u00f3n Secundaria en Lengua y Literatura. Profesorado en Biolog\u00eda Propuestas El ambiente est\u00e1 fuertemente condicionado por\u00a0 los factores bi\u00f3ticos de los que el hombre forma parte determinante. Un acercamiento a &#8230; <a title=\"Oferta Acad\u00e9mica\" class=\"read-more\" href=\"https:\/\/ifd3-sgo.infd.edu.ar\/sitio\/oferta-academica\/\" aria-label=\"More on Oferta Acad\u00e9mica\">[+]<\/a><\/p>\n","protected":false},"author":835,"featured_media":0,"parent":0,"menu_order":0,"comment_status":"closed","ping_status":"closed","template":"","meta":[],"acf":[],"_links":{"self":[{"href":"https:\/\/ifd3-sgo.infd.edu.ar\/sitio\/wp-json\/wp\/v2\/pages\/1171"}],"collection":[{"href":"https:\/\/ifd3-sgo.infd.edu.ar\/sitio\/wp-json\/wp\/v2\/pages"}],"about":[{"href":"https:\/\/ifd3-sgo.infd.edu.ar\/sitio\/wp-json\/wp\/v2\/types\/page"}],"author":[{"embeddable":true,"href":"https:\/\/ifd3-sgo.infd.edu.ar\/sitio\/wp-json\/wp\/v2\/users\/835"}],"replies":[{"embeddable":true,"href":"https:\/\/ifd3-sgo.infd.edu.ar\/sitio\/wp-json\/wp\/v2\/comments?post=1171"}],"version-history":[{"count":2,"href":"https:\/\/ifd3-sgo.infd.edu.ar\/sitio\/wp-json\/wp\/v2\/pages\/1171\/revisions"}],"predecessor-version":[{"id":2073,"href":"https:\/\/ifd3-sgo.infd.edu.ar\/sitio\/wp-json\/wp\/v2\/pages\/1171\/revisions\/2073"}],"wp:attachment":[{"href":"https:\/\/ifd3-sgo.infd.edu.ar\/sitio\/wp-json\/wp\/v2\/media?parent=1171"}],"curies":[{"name":"wp","href":"https:\/\/api.w.org\/{rel}","templated":true}]}}