{"id":1112,"date":"2018-08-31T17:19:10","date_gmt":"2018-08-31T20:19:10","guid":{"rendered":"https:\/\/ifd3-sgo.infd.edu.ar\/sitio\/el-instituto\/"},"modified":"2024-05-09T20:35:52","modified_gmt":"2024-05-09T23:35:52","slug":"el-instituto","status":"publish","type":"page","link":"https:\/\/ifd3-sgo.infd.edu.ar\/sitio\/el-instituto\/","title":{"rendered":"EL INSTITUTO"},"content":{"rendered":"<div class=\"wp-block-image\">\n<figure class=\"aligncenter\"><img decoding=\"async\" loading=\"lazy\" width=\"1000\" height=\"750\" src=\"https:\/\/ifd3-sgo.infd.edu.ar\/sitio\/wp-content\/uploads\/2019\/05\/20171003_172214-1000x750.jpg\" alt=\"\" class=\"wp-image-1357\" srcset=\"https:\/\/ifd3-sgo.infd.edu.ar\/sitio\/wp-content\/uploads\/2019\/05\/20171003_172214-1000x750.jpg 1000w, https:\/\/ifd3-sgo.infd.edu.ar\/sitio\/wp-content\/uploads\/2019\/05\/20171003_172214-768x576.jpg 768w, https:\/\/ifd3-sgo.infd.edu.ar\/sitio\/wp-content\/uploads\/2019\/05\/20171003_172214-1900x1425.jpg 1900w\" sizes=\"(max-width: 1000px) 100vw, 1000px\" \/><\/figure><\/div>\n\n\n<p><span style=\"font-family: verdana,geneva; font-size: 10pt;\"><span style=\"font-size: 24pt;\">&nbsp; E<\/span>l <strong>Instituto Superior de Formaci\u00f3n Docente N\u00ba 3<\/strong> de la ciudad de Fern\u00e1ndez, Departamento Robles, forma profesionales en las siguientes especialidades:<\/span><\/p>\n\n\n\n<ul>\n<li><span style=\"font-family: verdana,geneva; font-size: 10pt;\">Profesorado de Educaci\u00f3n Secundaria en BIOLOG\u00cdA;<\/span><\/li>\n\n\n\n<li><span style=\"font-family: verdana,geneva; font-size: 10pt;\">Profesorado&nbsp; <span style=\"font-family: verdana,geneva; font-size: 10pt;\">de Educaci\u00f3n Secundaria<\/span> en GEOGRAF\u00cdA;<br><\/span><\/li>\n\n\n\n<li><span style=\"font-family: verdana,geneva; font-size: 10pt;\">Profesorado de Educaci\u00f3n Secundaria en LENGUA Y LITERATURA;<\/span><\/li>\n\n\n\n<li><span style=\"font-family: verdana,geneva; font-size: 10pt;\">Tecnicatura superior en Administraci\u00f3n Publica Orientada al Desarrollo Local.<\/span><\/li>\n<\/ul>\n\n\n\n<p><span style=\"font-family: verdana,geneva; font-size: 10pt;\">Tambi\u00e9n desarrolla funciones desde el Departamento de Capacitaci\u00f3n y el de Investigaci\u00f3n.<\/span><\/p>\n\n\n\n<p>&nbsp;<\/p>\n","protected":false},"excerpt":{"rendered":"<p>&nbsp; El Instituto Superior de Formaci\u00f3n Docente N\u00ba 3 de la ciudad de Fern\u00e1ndez, Departamento Robles, forma profesionales en las siguientes especialidades: Tambi\u00e9n desarrolla funciones desde el Departamento de Capacitaci\u00f3n y el de Investigaci\u00f3n. &nbsp;<\/p>\n","protected":false},"author":24,"featured_media":0,"parent":0,"menu_order":0,"comment_status":"closed","ping_status":"closed","template":"","meta":[],"acf":[],"_links":{"self":[{"href":"https:\/\/ifd3-sgo.infd.edu.ar\/sitio\/wp-json\/wp\/v2\/pages\/1112"}],"collection":[{"href":"https:\/\/ifd3-sgo.infd.edu.ar\/sitio\/wp-json\/wp\/v2\/pages"}],"about":[{"href":"https:\/\/ifd3-sgo.infd.edu.ar\/sitio\/wp-json\/wp\/v2\/types\/page"}],"author":[{"embeddable":true,"href":"https:\/\/ifd3-sgo.infd.edu.ar\/sitio\/wp-json\/wp\/v2\/users\/24"}],"replies":[{"embeddable":true,"href":"https:\/\/ifd3-sgo.infd.edu.ar\/sitio\/wp-json\/wp\/v2\/comments?post=1112"}],"version-history":[{"count":6,"href":"https:\/\/ifd3-sgo.infd.edu.ar\/sitio\/wp-json\/wp\/v2\/pages\/1112\/revisions"}],"predecessor-version":[{"id":1962,"href":"https:\/\/ifd3-sgo.infd.edu.ar\/sitio\/wp-json\/wp\/v2\/pages\/1112\/revisions\/1962"}],"wp:attachment":[{"href":"https:\/\/ifd3-sgo.infd.edu.ar\/sitio\/wp-json\/wp\/v2\/media?parent=1112"}],"curies":[{"name":"wp","href":"https:\/\/api.w.org\/{rel}","templated":true}]}}